{"id":3,"date":"2024-04-18T13:22:39","date_gmt":"2024-04-18T11:22:39","guid":{"rendered":"https:\/\/koobadvisory.com\/?page_id=3"},"modified":"2024-09-16T10:15:53","modified_gmt":"2024-09-16T08:15:53","slug":"politica-privacidad","status":"publish","type":"page","link":"https:\/\/koobadvisory.com\/index.php\/politica-privacidad\/","title":{"rendered":"Pol\u00edtica de privacidad"},"content":{"rendered":"\t\t<div data-elementor-type=\"wp-page\" data-elementor-id=\"3\" class=\"elementor elementor-3\" data-elementor-post-type=\"page\">\n\t\t\t\t<div class=\"elementor-element elementor-element-4d5771dd e-flex e-con-boxed e-con e-parent\" data-id=\"4d5771dd\" data-element_type=\"container\">\n\t\t\t\t\t<div class=\"e-con-inner\">\n\t\t\t\t<div class=\"elementor-element elementor-element-182dafb elementor-widget elementor-widget-heading\" data-id=\"182dafb\" data-element_type=\"widget\" data-widget_type=\"heading.default\">\n\t\t\t\t<div class=\"elementor-widget-container\">\n\t\t\t<style>\/*! elementor - v3.21.0 - 25-04-2024 *\/\n.elementor-heading-title{padding:0;margin:0;line-height:1}.elementor-widget-heading .elementor-heading-title[class*=elementor-size-]>a{color:inherit;font-size:inherit;line-height:inherit}.elementor-widget-heading .elementor-heading-title.elementor-size-small{font-size:15px}.elementor-widget-heading .elementor-heading-title.elementor-size-medium{font-size:19px}.elementor-widget-heading .elementor-heading-title.elementor-size-large{font-size:29px}.elementor-widget-heading .elementor-heading-title.elementor-size-xl{font-size:39px}.elementor-widget-heading .elementor-heading-title.elementor-size-xxl{font-size:59px}<\/style><h2 class=\"elementor-heading-title elementor-size-default\">Pol\u00edtica de privacidad<\/h2>\t\t<\/div>\n\t\t\t\t<\/div>\n\t\t\t\t<div class=\"elementor-element elementor-element-34c8807a elementor-widget elementor-widget-text-editor\" data-id=\"34c8807a\" data-element_type=\"widget\" data-widget_type=\"text-editor.default\">\n\t\t\t\t<div class=\"elementor-widget-container\">\n\t\t\t<style>\/*! elementor - v3.21.0 - 25-04-2024 *\/\n.elementor-widget-text-editor.elementor-drop-cap-view-stacked .elementor-drop-cap{background-color:#69727d;color:#fff}.elementor-widget-text-editor.elementor-drop-cap-view-framed .elementor-drop-cap{color:#69727d;border:3px solid;background-color:transparent}.elementor-widget-text-editor:not(.elementor-drop-cap-view-default) .elementor-drop-cap{margin-top:8px}.elementor-widget-text-editor:not(.elementor-drop-cap-view-default) .elementor-drop-cap-letter{width:1em;height:1em}.elementor-widget-text-editor .elementor-drop-cap{float:left;text-align:center;line-height:1;font-size:50px}.elementor-widget-text-editor .elementor-drop-cap-letter{display:inline-block}<\/style>\t\t\t\t<p>Respetando lo establecido en la legislaci\u00f3n vigente, Koob Advisory (en adelante, tambi\u00e9n <a href=\"https:\/\/koobadvisory.com\/\">https:\/\/koobadvisory.com\/<\/a> o Koob) se compromete a adoptar las medidas t\u00e9cnicas y organizativas necesarias, seg\u00fan el nivel de seguridad adecuado al riesgo de los datos recogidos.<\/p><p><strong>Identidad del responsable del tratamiento de los datos personales<\/strong><\/p><p>El responsable del tratamiento de los datos personales recogidos es Koob Advisory (en adelante, Responsable del tratamiento). Sus datos de contacto son los siguientes:<\/p><p>Tel\u00e9fono de contacto: 609 483 114<\/p><p>Email de contacto: protecciondatos@koobadvisory.com<\/p><p><strong>Categor\u00edas de datos personales<\/strong><\/p><p>Las categor\u00edas de datos que se tratan en Koob Advisory son \u00fanicamente datos identificativos y de contacto. En ning\u00fan caso, se tratan categor\u00edas especiales de datos personales en el sentido del art\u00edculo 9 del RGPD.<\/p><p><strong>Base legal para el tratamiento de los datos personales<\/strong><\/p><p>La base legal para el tratamiento de los datos personales es el consentimiento. Koob Advisory se compromete a recabar el consentimiento expreso y verificable del Usuario para el tratamiento de sus datos personales para uno o varios fines espec\u00edficos.<\/p><p>El Usuario tendr\u00e1 derecho a retirar su consentimiento en cualquier momento. Ser\u00e1 tan f\u00e1cil retirar el consentimiento como darlo. Como regla general, la retirada del consentimiento no condicionar\u00e1 el uso del Sitio Web.<\/p><p>En las ocasiones en las que el Usuario deba o pueda facilitar sus datos a trav\u00e9s de formularios para realizar consultas, solicitar informaci\u00f3n o por motivos relacionados con el contenido del Sitio Web, se le informar\u00e1 en caso de que la cumplimentaci\u00f3n de alguno de ellos sea obligatoria debido a que los mismos sean imprescindibles para el correcto desarrollo de la operaci\u00f3n realizada.<\/p><p><strong>Fines del tratamiento a que se destinan los datos personales<\/strong><\/p><p>Los datos personales son recabados y gestionados por Koob Advisory con la finalidad de poder facilitar, agilizar y cumplir los compromisos establecidos entre el Sitio Web y el Usuario o el mantenimiento de la relaci\u00f3n que se establezca en los formularios que este \u00faltimo rellene o para atender una solicitud o consulta.<\/p><p>Igualmente, los datos podr\u00e1n ser utilizados con una finalidad comercial de personalizaci\u00f3n, operativa y estad\u00edstica, y actividades propias del objeto social de Koob Advisory, as\u00ed como para la extracci\u00f3n, almacenamiento de datos y estudios de marketing para adecuar el Contenido ofertado al Usuario, as\u00ed como mejorar la calidad, funcionamiento y navegaci\u00f3n por el Sitio Web.<\/p><p><strong>Per\u00edodos de retenci\u00f3n de los datos personales<\/strong><\/p><p>Los datos personales solo ser\u00e1n retenidos durante el tiempo m\u00ednimo necesario para los fines de su tratamiento y, en todo caso, \u00fanicamente durante el plazo legalmente estipulado hasta que el Usuario solicite su supresi\u00f3n.<\/p><p><strong>Destinatarios de los datos personales<\/strong><\/p><p>Los datos personales del Usuario no ser\u00e1n compartidos con terceros.<\/p><p>En caso de que el Responsable del tratamiento tenga la intenci\u00f3n de transferir datos personales a un tercer pa\u00eds u organizaci\u00f3n internacional, en el momento en que se obtengan los datos personales, se informar\u00e1 al Usuario acerca del tercer pa\u00eds u organizaci\u00f3n internacional al cual se tiene la intenci\u00f3n de transferir los datos, as\u00ed como de la existencia o ausencia de una decisi\u00f3n de adecuaci\u00f3n de la Comisi\u00f3n.<\/p><p><strong>Secreto y seguridad de los datos personales<\/strong><\/p><p>El Sitio Web cuenta con un certificado SSL (Secure Socket Layer), que asegura que los datos personales se transmiten de forma segura y confidencial, al ser la transmisi\u00f3n de los datos entre el servidor y el Usuario, y en retroalimentaci\u00f3n, totalmente cifrada o encriptada.<\/p><p>Los datos personales ser\u00e1n tratados como confidenciales por el Responsable del tratamiento, quien se compromete a informar de y a garantizar por medio de una obligaci\u00f3n legal o contractual que dicha confidencialidad sea respetada por sus empleados, asociados, y toda persona a la cual le haga accesible la informaci\u00f3n.<\/p><p><strong>Derechos derivados del tratamiento de los datos personales<\/strong><\/p><p>El Usuario podr\u00e1 ejercer frente al Responsable del tratamiento los siguientes derechos reconocidos en la normativa vigente:<\/p><ul><li><em>Derecho de acceso:<\/em> Es el derecho del Usuario a obtener confirmaci\u00f3n de si Koob Advisory est\u00e1 tratando o no sus datos personales y, en caso afirmativo, obtener informaci\u00f3n sobre sus datos concretos de car\u00e1cter personal y del tratamiento que Koob Advisory haya realizado o realice, as\u00ed como, entre otra, de la informaci\u00f3n disponible sobre el origen de dichos datos y los destinatarios de las comunicaciones realizadas o previstas de los mismos.<\/li><li><em>Derecho de rectificaci\u00f3n:<\/em> Es el derecho del Usuario a que se modifiquen sus datos personales que resulten ser inexactos o, teniendo en cuenta los fines del tratamiento, incompletos.<\/li><li><em>Derecho de supresi\u00f3n (\u00abel derecho al olvido\u00bb):<\/em> Es el derecho del Usuario, siempre que la legislaci\u00f3n vigente no establezca lo contrario, a obtener la supresi\u00f3n de sus datos personales cuando estos ya no sean necesarios para los fines para los cuales fueron recogidos o tratados; el Usuario haya retirado su consentimiento al tratamiento y este no cuente con otra base legal; el Usuario se oponga al tratamiento y no exista otro motivo leg\u00edtimo para continuar con el mismo; los datos personales hayan sido tratados il\u00edcitamente; los datos personales deban suprimirse en cumplimiento de una obligaci\u00f3n legal; o los datos personales hayan sido obtenidos producto de una oferta directa de servicios de la sociedad de la informaci\u00f3n a un menor de 14 a\u00f1os.<\/li><li><em>Derecho a la limitaci\u00f3n del tratamiento:<\/em> Es el derecho del Usuario a limitar el tratamiento de sus datos personales. El Usuario tiene derecho a obtener la limitaci\u00f3n del tratamiento cuando impugne la exactitud de sus datos personales; el tratamiento sea il\u00edcito; el Responsable del tratamiento ya no necesite los datos personales, pero el Usuario lo necesite para hacer reclamaciones; y cuando el Usuario se haya opuesto al tratamiento.<\/li><li><em>Derecho a la portabilidad de los datos:<\/em> En caso de que el tratamiento se efect\u00fae por medios automatizados, el Usuario tendr\u00e1 derecho a recibir del Responsable del tratamiento sus datos personales en un formato estructurado, de uso com\u00fan y lectura mec\u00e1nica, y a transmitirlos a otro responsable del tratamiento. Siempre que sea t\u00e9cnicamente posible, el Responsable del tratamiento transmitir\u00e1 directamente los datos a ese otro responsable.<\/li><li><em>Derecho de oposici\u00f3n:<\/em> Es el derecho del Usuario a que no se lleve a cabo el tratamiento de sus datos de car\u00e1cter personal o se cese el tratamiento de los mismos por parte de Koob Advisory.<\/li><li><em>Derecho a no ser objeto de una decisi\u00f3n basada \u00fanicamente en el tratamiento automatizado, incluida la elaboraci\u00f3n de perfiles:<\/em> Es el derecho del Usuario a no ser objeto de una decisi\u00f3n individualizada basada \u00fanicamente en el tratamiento automatizado de sus datos personales, incluida la elaboraci\u00f3n de perfiles, existente salvo que la legislaci\u00f3n vigente establezca lo contrario.<\/li><\/ul><p>As\u00ed pues, el Usuario podr\u00e1 ejercitar sus derechos mediante comunicaci\u00f3n escrita dirigida al Responsable del tratamiento con la referencia \u00abRGPD- especificando el derecho que quiere ejercer y envi\u00e1ndola a la siguiente direcci\u00f3n y\/o correo electr\u00f3nico:<\/p><p>Correo electr\u00f3nico: protecciondatos@koobadvisory.com<\/p><p>El Usuario tendr\u00e1 derecho a la tutela judicial efectiva y a presentar una reclamaci\u00f3n ante una autoridad de control. En el caso de Espa\u00f1a, la autoridad de control es la Agencia Espa\u00f1ola de Protecci\u00f3n de Datos (https:\/\/www.aepd.es\/).<\/p><p><strong>Enlaces a sitios web de terceros<\/strong><\/p><p>El Sitio Web puede incluir hiperv\u00ednculos o enlaces que permiten acceder a p\u00e1ginas web de terceros distintos de Koob Advisory, y que por tanto no son operados por Koob Advisory. Los titulares de dichos sitios web dispondr\u00e1n de sus propias pol\u00edticas de protecci\u00f3n de datos, siendo ellos mismos, en cada caso, responsables de los tratamientos y de sus propias pr\u00e1cticas de privacidad.<\/p><p><strong>Aceptaci\u00f3n y cambios en esta pol\u00edtica de privacidad<\/strong><\/p><p>Es necesario que el Usuario haya le\u00eddo y est\u00e9 conforme con las condiciones sobre la protecci\u00f3n de datos de car\u00e1cter personal contenidas en esta Pol\u00edtica de Privacidad.<\/p><p>Koob Advisory se reserva el derecho a modificar su Pol\u00edtica de Privacidad, de acuerdo con su propio criterio, o motivado por un cambio legislativo, jurisprudencial o doctrinal de la Agencia Espa\u00f1ola de Protecci\u00f3n de Datos. Los cambios o actualizaciones de esta Pol\u00edtica de Privacidad no ser\u00e1n notificados de forma expl\u00edcita al Usuario. Se recomienda al Usuario consultar esta p\u00e1gina de forma peri\u00f3dica para estar al tanto de los \u00faltimos cambios o actualizaciones.<\/p><p>Esta Pol\u00edtica de Privacidad fue actualizada el 13\/09\/2024.<\/p><p>\u00a0<\/p>\t\t\t\t\t\t<\/div>\n\t\t\t\t<\/div>\n\t\t\t\t\t<\/div>\n\t\t\t\t<\/div>\n\t\t\t\t<\/div>\n\t\t","protected":false},"excerpt":{"rendered":"<p>Respetando lo establecido en la legislaci\u00f3n vigente, Koob Advisory (en adelante, tambi\u00e9n https:\/\/koobadvisory.com\/ o Koob) se compromete a adoptar las medidas t\u00e9cnicas y organizativas necesarias, seg\u00fan el nivel de seguridad adecuado al riesgo de los datos recogidos. Identidad del responsable del tratamiento de los datos personales El responsable del tratamiento de los datos personales recogidos [&hellip;]<\/p>\n","protected":false},"author":1,"featured_media":0,"parent":0,"menu_order":0,"comment_status":"closed","ping_status":"open","template":"","meta":{"footnotes":""},"yoast_head":"<!-- This site is optimized with the Yoast SEO plugin v22.5 - https:\/\/yoast.com\/wordpress\/plugins\/seo\/ -->\n<title>Pol\u00edtica de privacidad - Koob<\/title>\n<meta name=\"robots\" content=\"index, follow, max-snippet:-1, max-image-preview:large, max-video-preview:-1\" \/>\n<link rel=\"canonical\" href=\"https:\/\/koobadvisory.com\/index.php\/politica-privacidad\/\" \/>\n<meta property=\"og:locale\" content=\"es_ES\" \/>\n<meta property=\"og:type\" content=\"article\" \/>\n<meta property=\"og:title\" content=\"Pol\u00edtica de privacidad - Koob\" \/>\n<meta property=\"og:description\" content=\"Respetando lo establecido en la legislaci\u00f3n vigente, Koob Advisory (en adelante, tambi\u00e9n https:\/\/koobadvisory.com\/ o Koob) se compromete a adoptar las medidas t\u00e9cnicas y organizativas necesarias, seg\u00fan el nivel de seguridad adecuado al riesgo de los datos recogidos. Identidad del responsable del tratamiento de los datos personales El responsable del tratamiento de los datos personales recogidos [&hellip;]\" \/>\n<meta property=\"og:url\" content=\"https:\/\/koobadvisory.com\/index.php\/politica-privacidad\/\" \/>\n<meta property=\"og:site_name\" content=\"Koob\" \/>\n<meta property=\"article:modified_time\" content=\"2024-09-16T08:15:53+00:00\" \/>\n<meta name=\"twitter:card\" content=\"summary_large_image\" \/>\n<meta name=\"twitter:label1\" content=\"Tiempo de lectura\" \/>\n\t<meta name=\"twitter:data1\" content=\"7 minutos\" \/>\n<script type=\"application\/ld+json\" class=\"yoast-schema-graph\">{\"@context\":\"https:\/\/schema.org\",\"@graph\":[{\"@type\":\"WebPage\",\"@id\":\"https:\/\/koobadvisory.com\/index.php\/politica-privacidad\/\",\"url\":\"https:\/\/koobadvisory.com\/index.php\/politica-privacidad\/\",\"name\":\"Pol\u00edtica de privacidad - Koob\",\"isPartOf\":{\"@id\":\"https:\/\/koobadvisory.com\/#website\"},\"datePublished\":\"2024-04-18T11:22:39+00:00\",\"dateModified\":\"2024-09-16T08:15:53+00:00\",\"breadcrumb\":{\"@id\":\"https:\/\/koobadvisory.com\/index.php\/politica-privacidad\/#breadcrumb\"},\"inLanguage\":\"es\",\"potentialAction\":[{\"@type\":\"ReadAction\",\"target\":[\"https:\/\/koobadvisory.com\/index.php\/politica-privacidad\/\"]}]},{\"@type\":\"BreadcrumbList\",\"@id\":\"https:\/\/koobadvisory.com\/index.php\/politica-privacidad\/#breadcrumb\",\"itemListElement\":[{\"@type\":\"ListItem\",\"position\":1,\"name\":\"Portada\",\"item\":\"https:\/\/koobadvisory.com\/\"},{\"@type\":\"ListItem\",\"position\":2,\"name\":\"Pol\u00edtica de privacidad\"}]},{\"@type\":\"WebSite\",\"@id\":\"https:\/\/koobadvisory.com\/#website\",\"url\":\"https:\/\/koobadvisory.com\/\",\"name\":\"Koob\",\"description\":\"\",\"publisher\":{\"@id\":\"https:\/\/koobadvisory.com\/#organization\"},\"potentialAction\":[{\"@type\":\"SearchAction\",\"target\":{\"@type\":\"EntryPoint\",\"urlTemplate\":\"https:\/\/koobadvisory.com\/?s={search_term_string}\"},\"query-input\":\"required name=search_term_string\"}],\"inLanguage\":\"es\"},{\"@type\":\"Organization\",\"@id\":\"https:\/\/koobadvisory.com\/#organization\",\"name\":\"Koob\",\"url\":\"https:\/\/koobadvisory.com\/\",\"logo\":{\"@type\":\"ImageObject\",\"inLanguage\":\"es\",\"@id\":\"https:\/\/koobadvisory.com\/#\/schema\/logo\/image\/\",\"url\":\"https:\/\/koobadvisory.com\/wp-content\/uploads\/2024\/04\/logo.png\",\"contentUrl\":\"https:\/\/koobadvisory.com\/wp-content\/uploads\/2024\/04\/logo.png\",\"width\":253,\"height\":50,\"caption\":\"Koob\"},\"image\":{\"@id\":\"https:\/\/koobadvisory.com\/#\/schema\/logo\/image\/\"}}]}<\/script>\n<!-- \/ Yoast SEO plugin. -->","yoast_head_json":{"title":"Pol\u00edtica de privacidad - Koob","robots":{"index":"index","follow":"follow","max-snippet":"max-snippet:-1","max-image-preview":"max-image-preview:large","max-video-preview":"max-video-preview:-1"},"canonical":"https:\/\/koobadvisory.com\/index.php\/politica-privacidad\/","og_locale":"es_ES","og_type":"article","og_title":"Pol\u00edtica de privacidad - Koob","og_description":"Respetando lo establecido en la legislaci\u00f3n vigente, Koob Advisory (en adelante, tambi\u00e9n https:\/\/koobadvisory.com\/ o Koob) se compromete a adoptar las medidas t\u00e9cnicas y organizativas necesarias, seg\u00fan el nivel de seguridad adecuado al riesgo de los datos recogidos. Identidad del responsable del tratamiento de los datos personales El responsable del tratamiento de los datos personales recogidos [&hellip;]","og_url":"https:\/\/koobadvisory.com\/index.php\/politica-privacidad\/","og_site_name":"Koob","article_modified_time":"2024-09-16T08:15:53+00:00","twitter_card":"summary_large_image","twitter_misc":{"Tiempo de lectura":"7 minutos"},"schema":{"@context":"https:\/\/schema.org","@graph":[{"@type":"WebPage","@id":"https:\/\/koobadvisory.com\/index.php\/politica-privacidad\/","url":"https:\/\/koobadvisory.com\/index.php\/politica-privacidad\/","name":"Pol\u00edtica de privacidad - Koob","isPartOf":{"@id":"https:\/\/koobadvisory.com\/#website"},"datePublished":"2024-04-18T11:22:39+00:00","dateModified":"2024-09-16T08:15:53+00:00","breadcrumb":{"@id":"https:\/\/koobadvisory.com\/index.php\/politica-privacidad\/#breadcrumb"},"inLanguage":"es","potentialAction":[{"@type":"ReadAction","target":["https:\/\/koobadvisory.com\/index.php\/politica-privacidad\/"]}]},{"@type":"BreadcrumbList","@id":"https:\/\/koobadvisory.com\/index.php\/politica-privacidad\/#breadcrumb","itemListElement":[{"@type":"ListItem","position":1,"name":"Portada","item":"https:\/\/koobadvisory.com\/"},{"@type":"ListItem","position":2,"name":"Pol\u00edtica de privacidad"}]},{"@type":"WebSite","@id":"https:\/\/koobadvisory.com\/#website","url":"https:\/\/koobadvisory.com\/","name":"Koob","description":"","publisher":{"@id":"https:\/\/koobadvisory.com\/#organization"},"potentialAction":[{"@type":"SearchAction","target":{"@type":"EntryPoint","urlTemplate":"https:\/\/koobadvisory.com\/?s={search_term_string}"},"query-input":"required name=search_term_string"}],"inLanguage":"es"},{"@type":"Organization","@id":"https:\/\/koobadvisory.com\/#organization","name":"Koob","url":"https:\/\/koobadvisory.com\/","logo":{"@type":"ImageObject","inLanguage":"es","@id":"https:\/\/koobadvisory.com\/#\/schema\/logo\/image\/","url":"https:\/\/koobadvisory.com\/wp-content\/uploads\/2024\/04\/logo.png","contentUrl":"https:\/\/koobadvisory.com\/wp-content\/uploads\/2024\/04\/logo.png","width":253,"height":50,"caption":"Koob"},"image":{"@id":"https:\/\/koobadvisory.com\/#\/schema\/logo\/image\/"}}]}},"_links":{"self":[{"href":"https:\/\/koobadvisory.com\/index.php\/wp-json\/wp\/v2\/pages\/3"}],"collection":[{"href":"https:\/\/koobadvisory.com\/index.php\/wp-json\/wp\/v2\/pages"}],"about":[{"href":"https:\/\/koobadvisory.com\/index.php\/wp-json\/wp\/v2\/types\/page"}],"author":[{"embeddable":true,"href":"https:\/\/koobadvisory.com\/index.php\/wp-json\/wp\/v2\/users\/1"}],"replies":[{"embeddable":true,"href":"https:\/\/koobadvisory.com\/index.php\/wp-json\/wp\/v2\/comments?post=3"}],"version-history":[{"count":15,"href":"https:\/\/koobadvisory.com\/index.php\/wp-json\/wp\/v2\/pages\/3\/revisions"}],"predecessor-version":[{"id":1003,"href":"https:\/\/koobadvisory.com\/index.php\/wp-json\/wp\/v2\/pages\/3\/revisions\/1003"}],"wp:attachment":[{"href":"https:\/\/koobadvisory.com\/index.php\/wp-json\/wp\/v2\/media?parent=3"}],"curies":[{"name":"wp","href":"https:\/\/api.w.org\/{rel}","templated":true}]}}